{"id":54,"date":"2022-05-24T00:19:57","date_gmt":"2022-05-23T22:19:57","guid":{"rendered":"http:\/\/www.lappliculteur.ch\/?page_id=54"},"modified":"2022-05-30T09:25:34","modified_gmt":"2022-05-30T07:25:34","slug":"contact","status":"publish","type":"page","link":"https:\/\/www.lappliculteur.ch\/index.php\/contact\/","title":{"rendered":"Contact"},"content":{"rendered":"\n<p class=\"has-medium-font-size\"><strong>Vous pouvez nous contacter pour mille raisons :<\/strong><\/p>\n\n\n\n<ul class=\"has-medium-font-size wp-block-list\"><li>vous souhaitez souscrire \u00e0 <strong>L\u2019Appliculteur<\/strong>.<\/li><li>les fonctionnalit\u00e9s de <strong>L\u2019Appliculteur<\/strong> vous inspirent une id\u00e9e de contribution.<\/li><li>vous d\u00e9sirez faire revivre une m\u00e9moire ou mettre en valeur un patrimoine.<\/li><\/ul>\n\n\n\n<p class=\"has-medium-font-size\">Projet \u00e0 essence collaborative et ouvert \u00e0 toutes les initiatives, l\u2019\u00e9quipe de <strong>L\u2019Appliculteur<\/strong> se fera un grand plaisir \u00e0 r\u00e9pondre, tant \u00e0 une simple curiosit\u00e9 qu\u2019\u00e0 une question concr\u00e8te et \u00e0 prendre en compte vos id\u00e9es, qu\u2019elles soient d\u00e9j\u00e0 \u00e9labor\u00e9es ou qu\u2019elles soient encore \u00e0 l\u2019\u00e9tat d\u2019\u00e9bauche.<\/p>\n\n\n\n<p class=\"has-medium-font-size\">N\u2019h\u00e9sitez pas \u00e0 prendre contact avec nous via ce formulaire ou directement \u00e0 :<\/p>\n\n\n\n<p class=\"has-medium-font-size\">email : lappliculteur@gmail.com<\/p>\n","protected":false},"excerpt":{"rendered":"<p>Vous pouvez nous contacter pour mille raisons : vous souhaitez souscrire \u00e0 L\u2019Appliculteur. les fonctionnalit\u00e9s de L\u2019Appliculteur vous inspirent une id\u00e9e de contribution. vous d\u00e9sirez faire revivre une m\u00e9moire ou mettre en valeur un patrimoine. Projet \u00e0 essence collaborative et ouvert \u00e0 toutes les initiatives,&nbsp;<a class=\"read-more\" href=\"https:\/\/www.lappliculteur.ch\/index.php\/contact\/\">&hellip;<\/a><\/p>\n","protected":false},"author":1,"featured_media":0,"parent":0,"menu_order":0,"comment_status":"closed","ping_status":"closed","template":"","meta":{"footnotes":""},"class_list":["post-54","page","type-page","status-publish","hentry"],"_links":{"self":[{"href":"https:\/\/www.lappliculteur.ch\/index.php\/wp-json\/wp\/v2\/pages\/54","targetHints":{"allow":["GET"]}}],"collection":[{"href":"https:\/\/www.lappliculteur.ch\/index.php\/wp-json\/wp\/v2\/pages"}],"about":[{"href":"https:\/\/www.lappliculteur.ch\/index.php\/wp-json\/wp\/v2\/types\/page"}],"author":[{"embeddable":true,"href":"https:\/\/www.lappliculteur.ch\/index.php\/wp-json\/wp\/v2\/users\/1"}],"replies":[{"embeddable":true,"href":"https:\/\/www.lappliculteur.ch\/index.php\/wp-json\/wp\/v2\/comments?post=54"}],"version-history":[{"count":2,"href":"https:\/\/www.lappliculteur.ch\/index.php\/wp-json\/wp\/v2\/pages\/54\/revisions"}],"predecessor-version":[{"id":126,"href":"https:\/\/www.lappliculteur.ch\/index.php\/wp-json\/wp\/v2\/pages\/54\/revisions\/126"}],"wp:attachment":[{"href":"https:\/\/www.lappliculteur.ch\/index.php\/wp-json\/wp\/v2\/media?parent=54"}],"curies":[{"name":"wp","href":"https:\/\/api.w.org\/{rel}","templated":true}]}}